{"id":6800,"date":"2014-06-17T10:15:17","date_gmt":"2014-06-17T09:15:17","guid":{"rendered":"http:\/\/www.teamartist.com\/blog\/?page_id=6800"},"modified":"2019-11-11T10:46:44","modified_gmt":"2019-11-11T09:46:44","slug":"le-attivita-delle-odv","status":"publish","type":"page","link":"https:\/\/www.teamartist.com\/blog\/prontuario\/le-attivita-delle-odv\/","title":{"rendered":"Le attivit\u00e0 delle OdV"},"content":{"rendered":"<p>Secondo la <span lang=\"zxx\"><a href=\"https:\/\/www.teamartist.com\/blog\/legge-quadro-sul-volontariato\/\" target=\"_blank\" rel=\"nofollow noopener noreferrer\">Legge 11 agosto 1991, n. 266<\/a><\/span> \u201c<em>per attivit\u00e0 di volontariato deve intendersi quella prestata in modo personale, spontaneo e gratuito, tramite l\u2019organizzazione di cui il volontario fa parte, senza fini di lucro anche indiretto ed esclusivamente per fini di solidariet\u00e0<\/em>\u201d. Pertanto le attivit\u00e0 delle OdV devono essere rivolte,<strong> non ad esclusivo vantaggio dei soci, ma a vantaggio di terzi (individui o collettivit\u00e0) che si trovino in uno stato di bisogno<\/strong><strong>, materiale o morale, o in situazioni di sfavore, svantaggio o marginalit\u00e0 sociale<\/strong>.<\/p>\n<p style=\"text-align: justify;\">Le OdV devono operare in modo prevalente con il <strong>lavoro gratuito dei volontari <\/strong>(che non possono essere in alcun modo retribuiti, nemmeno dai bene\ufb01ciari), limitando al minimo indispensabile l&#8217;impiego di personale retribuito. I volontari hanno diritto unicamente al rimborso delle spese sostenute entro i limiti preventivamente concordati e previa formale attribuzione di incarico da parte del Consiglio direttivo dell\u2019ente.<\/p>\n<p style=\"text-align: justify;\">I volontari devono essere iscritti in apposito registro dei volontari numerato e vidimato da segretario comunale o altro pubblico uf\ufb01ciale abilitato, nonch\u00e9 assicurati contro la responsabilit\u00e0 civile e per infortunio e malattia connessa all\u2019attivit\u00e0 svolta.<\/p>\n<p style=\"text-align: justify;\">In aggiunta alle attivit\u00e0 istituzionali, le Organizzazioni di Volontariato possono svolgere <strong>attivit\u00e0 commerciali e produttive marginali<\/strong> tassativamente elencate nel <span lang=\"zxx\"><a href=\"https:\/\/www.teamartist.com\/blog\/attivita-commerciali-marginali\/\" target=\"_blank\" rel=\"nofollow noopener noreferrer\">Decreto Ministeriale 25 maggio 1995<\/a><\/span>:<\/p>\n<p style=\"text-align: justify;\"><em>a)<\/em> attivit\u00e0 di vendita occasionali o iniziative occasionali di solidariet\u00e0 svolte nel corso di celebrazioni o ricorrenze o in concomitanza a campagne di sensibilizzazione pubblica verso i fini istituzionali dell\u2019organizzazione di volontariato;<\/p>\n<p style=\"text-align: justify;\"><em>b)<\/em> attivit\u00e0 di vendita di beni acquisiti da terzi a titolo gratuito a fini di sovvenzione, a condizione che la vendita sia curata direttamente dall\u2019organizzazione senza alcun intermediario;<\/p>\n<p style=\"text-align: justify;\"><em>c)<\/em> cessione di beni prodotti dagli assistiti e dai volontari, semprech\u00e8 la vendita dei prodotti sia curata direttamente dall\u2019organizzazione senza alcun intermediario;<\/p>\n<p style=\"text-align: justify;\"><em>d)<\/em> attivit\u00e0 di somministrazione di alimenti e bevande in occasione di raduni, manifestazioni, celebrazioni e simili a carattere occasionale;<\/p>\n<p style=\"text-align: justify;\"><em>e)<\/em> attivit\u00e0 di prestazione di servizi rese in conformit\u00e0 alle finalit\u00e0 istituzionali, svolte nei confronti di non soci, verso pagamento di corrispettivi specifici che non eccedano del 50% i costi di diretta imputazione.<\/p>\n<p style=\"text-align: justify;\">Non rientrano tra i proventi delle attivit\u00e0 commerciali e produttive marginali quelli derivanti da convenzioni.<\/p>\n<p style=\"text-align: justify;\">I proventi derivanti da attivit\u00e0 commerciali marginali <strong>non sono imponibili ai fini IRES<\/strong> se realizzate per \ufb01ni istituzionali e in assenza di mezzi professionalmente organizzati (pubblicit\u00e0, insegne elettriche, locali attrezzati). Ai sensi dell&#8217;art. 8, comma 4 della <span lang=\"zxx\"><a href=\"https:\/\/www.teamartist.com\/blog\/legge-quadro-sul-volontariato\/\" target=\"_blank\" rel=\"nofollow noopener noreferrer\">Legge 11 agosto 1991, n. 266<\/a><\/span>, <strong>l&#8217;OdV \u00e8 tenuta a documentare il totale reimpiego di tali proventi per \ufb01ni istituzionali<\/strong>.<\/p>\n<p style=\"text-align: justify;\" align=\"JUSTIFY\"><span lang=\"it-IT\">Le attivit\u00e0 commerciali marginali, secondo le loro modalit\u00e0 di esplicazione (abituali o meno, <\/span>organizzate o meno, tipologia concreta di attivit\u00e0 svolta), possono produrre:<\/p>\n<ul style=\"text-align: justify;\">\n<li>\n<p align=\"LEFT\">redditi di tipo occasionale (art. 67, lett. I, T.U.I.R. attivit\u00e0 commerciali occasionali);<\/p>\n<\/li>\n<li>\n<p align=\"LEFT\">redditi d&#8217;impresa (art. 55 T.U.I.R).<\/p>\n<\/li>\n<\/ul>\n<p lang=\"it-IT\" style=\"text-align: justify;\" align=\"JUSTIFY\">Ai fini fiscali la situazione \u00e8 quindi la seguente:<\/p>\n<ul style=\"text-align: justify;\">\n<li>\n<p align=\"JUSTIFY\"><strong><span lang=\"it-IT\">attivit\u00e0 marginali occasionali<\/span><\/strong><span lang=\"it-IT\">: sono esenti sia da IRES sia da IRAP; sono escluse da IVA per principio generale;<\/span><\/p>\n<\/li>\n<li>\n<p align=\"JUSTIFY\"><span lang=\"it-IT\"><strong>attivit\u00e0 marginali d&#8217;impresa<\/strong> (abituali \/ organizzate)<\/span><span lang=\"it-IT\">: sono esenti da IRES, ma soggette ad IRAP; <\/span><span lang=\"it-IT\">sono escluse da IVA solo se l&#8217;OdV ha scelto di<\/span><span lang=\"it-IT\"> applicare la normativa speciale dettata dalla L. 266\/91, che prevede l&#8217;esclusione dal campo di applicazione dell&#8217;IVA di tutte le operazioni anche a pagamento effettuate dalle OdV.<\/span><\/p>\n<\/li>\n<\/ul>\n<p style=\"text-align: justify;\" align=\"LEFT\"><span lang=\"it-IT\">Le sottovoci <em>a)<\/em> e <em>d)<\/em> sono attivit\u00e0 commerciali marginali occasionali; il fisco non ha chiarito il numero massimo di manifestazioni che si possono ritenere occasionali nell&#8217;arco del periodo d&#8217;imposta. A scanso di contestazioni da parte del fisco, consigliamo di non superare i limiti imposti dall&#8217;art. 25, comma 2, Legge 133\/1999: al massimo 2 eventi all&#8217;anno e importo dei proventi non superiore al limite annuo complessivo di \u20ac 51.645,69.<\/span><span lang=\"it-IT\"> Consigliamo inoltre di <\/span><span lang=\"it-IT\">redigere un rendiconto separato delle singole <\/span>raccolte fondi, come previsto dall&#8217;art. 143 TUIR. Si ritiene che l\u2019occasionalit\u00e0 si mantenga anche se la manifestazione si ripete tutti gli anni e anche se dura pi\u00f9 giornate consecutive.<\/p>\n<p lang=\"it-IT\" style=\"text-align: justify;\" align=\"LEFT\">Le sottovoci <em>b)<\/em> e <em>c)<\/em> possono costituire attivit\u00e0 commerciale marginale occasionale (es: mercatini di Natale) o d&#8217;impresa (es. mercatino dell&#8217;usato o di oggetti fatti da handicappati presso la sede).<\/p>\n<p lang=\"it-IT\" style=\"text-align: justify;\" align=\"LEFT\">Anche la sottovoce<em> e)<\/em> pu\u00f2 essere attivit\u00e0 commerciale marginale occasionale o d&#8217;impresa.<\/p>\n<p style=\"text-align: justify;\" align=\"JUSTIFY\">Come stabilito dall&#8217;art. 30, comma 5 del D.L. n. 185\/2008 (c.d. decreto anti-crisi) convertito in L. n. 2\/2009, <strong>le Odv che <\/strong><span lang=\"it-IT\"><strong>svolgono attivit\u00e0 commerciali diverse da quelle marginali perdono la quali\ufb01ca di \u201cOnlus di diritto\u201d e le relative agevolazioni<\/strong>.<\/span><span lang=\"it-IT\"> Questa disposizione ha indotto alcuni a pensare che per le OdV sia possibile <\/span><span lang=\"it-IT\">svolgere attivit\u00e0 commerciali e produttive che non rientrano nelle 5 categorie individuate, con il solo limite della non prevalenza rispetto alle attivit\u00e0 istituzionali. Di contro, <strong>le Regioni sono ferme nel ritenere che le OdV iscritte nei registri non possano in alcun caso svolgere attivit\u00e0 commerciali e produttive diverse da quelle marginali<\/strong> specificate nel D.M. 25 maggio 1995. In caso di svolgimento di attivit\u00e0 commerciali extra-marginali \u00e8 possibile che venga richiesta la cancellazione dell&#8217;Associazione dai registri delle OdV, con la perdita delle agevolazioni <\/span><span lang=\"it-IT\">fiscali e finanziarie previste dalla L. 266\/1991.<\/span><\/p>\n","protected":false},"excerpt":{"rendered":"<p><a class=\"ninja_pages_read_more\"  href=\"https:\/\/www.teamartist.com\/blog\/prontuario\/le-attivita-delle-odv\/\"><\/a><\/p>\n","protected":false},"author":1,"featured_media":14461,"parent":109,"menu_order":0,"comment_status":"closed","ping_status":"open","template":"prontuario.php","format":[],"meta":{"ns_format_proposto":0,"ns_tipologia_proposta":0,"ns_tag_proposti":[],"ns_argomento_proposto":0,"ns_categoria_proposta":0,"ns_check_query_entries":[],"ns_valutazione_query_keywords":[],"ns_pagespeed_results":[],"footnotes":""},"categories":[863],"tags":[],"tipologia":[],"argomento":[],"class_list":["post-6800","page","type-page","status-publish","has-post-thumbnail","hentry","category-costituireassociazione"],"_links":{"self":[{"href":"https:\/\/www.teamartist.com\/blog\/wp-json\/wp\/v2\/pages\/6800","targetHints":{"allow":["GET"]}}],"collection":[{"href":"https:\/\/www.teamartist.com\/blog\/wp-json\/wp\/v2\/pages"}],"about":[{"href":"https:\/\/www.teamartist.com\/blog\/wp-json\/wp\/v2\/types\/page"}],"author":[{"embeddable":true,"href":"https:\/\/www.teamartist.com\/blog\/wp-json\/wp\/v2\/users\/1"}],"replies":[{"embeddable":true,"href":"https:\/\/www.teamartist.com\/blog\/wp-json\/wp\/v2\/comments?post=6800"}],"version-history":[{"count":0,"href":"https:\/\/www.teamartist.com\/blog\/wp-json\/wp\/v2\/pages\/6800\/revisions"}],"up":[{"embeddable":true,"href":"https:\/\/www.teamartist.com\/blog\/wp-json\/wp\/v2\/pages\/109"}],"wp:featuredmedia":[{"embeddable":true,"href":"https:\/\/www.teamartist.com\/blog\/wp-json\/wp\/v2\/media\/14461"}],"wp:attachment":[{"href":"https:\/\/www.teamartist.com\/blog\/wp-json\/wp\/v2\/media?parent=6800"}],"wp:term":[{"taxonomy":"category","embeddable":true,"href":"https:\/\/www.teamartist.com\/blog\/wp-json\/wp\/v2\/categories?post=6800"},{"taxonomy":"post_tag","embeddable":true,"href":"https:\/\/www.teamartist.com\/blog\/wp-json\/wp\/v2\/tags?post=6800"},{"taxonomy":"tipologia","embeddable":true,"href":"https:\/\/www.teamartist.com\/blog\/wp-json\/wp\/v2\/tipologia?post=6800"},{"taxonomy":"argomento","embeddable":true,"href":"https:\/\/www.teamartist.com\/blog\/wp-json\/wp\/v2\/argomento?post=6800"},{"taxonomy":"format","embeddable":true,"href":"https:\/\/www.teamartist.com\/blog\/wp-json\/wp\/v2\/format?post=6800"}],"curies":[{"name":"wp","href":"https:\/\/api.w.org\/{rel}","templated":true}]}}