{"id":6692,"date":"2014-06-12T10:46:22","date_gmt":"2014-06-12T09:46:22","guid":{"rendered":"http:\/\/www.teamartist.com\/blog\/?page_id=6692"},"modified":"2019-11-11T10:46:52","modified_gmt":"2019-11-11T09:46:52","slug":"le-attivita-delle-onlus","status":"publish","type":"page","link":"https:\/\/www.teamartist.com\/blog\/prontuario\/onlus\/le-attivita-delle-onlus\/","title":{"rendered":"Le attivit\u00e0 delle ONLUS"},"content":{"rendered":"<h2 style=\"text-align: center;\" align=\"CENTER\"><span style=\"font-size: 12pt; color: #333333;\">ATTIVIT\u00c0 ISTITUZIONALI<\/span><\/h2>\n<div id=\"Sezione4\" dir=\"LTR\">\n<p align=\"JUSTIFY\">Come abbiamo visto precedentemente, le attivit\u00e0 istituzionali delle ONLUS sono quelle svolte <strong>esclusivamente<\/strong> in uno o pi\u00f9 settori stabiliti dall&#8217;art. 10, comma 1 del <a href=\"https:\/\/www.teamartist.com\/blog\/disposizioni-sulle-onlus\/\" target=\"_blank\" rel=\"nofollow noopener noreferrer\">D. Lgs. 460\/1997<\/a>:<\/p>\n<p align=\"JUSTIFY\"><em>1)<\/em> assistenza sociale e socio-sanitaria;<\/p>\n<p align=\"JUSTIFY\"><em>2)<\/em> assistenza sanitaria;<\/p>\n<p align=\"JUSTIFY\"><em>3)<\/em> beneficenza;<\/p>\n<p align=\"JUSTIFY\"><em>4)<\/em> istruzione;<\/p>\n<p align=\"JUSTIFY\"><em>5)<\/em> formazione;<\/p>\n<p align=\"JUSTIFY\"><em>6)<\/em> sport dilettantistico;<\/p>\n<p align=\"JUSTIFY\"><em>7)<\/em> tutela, promozione e valorizzazione delle cose d\u2019interesse artistico e storico di cui alla legge 1 giugno 1939, n. 1089, ivi comprese le biblioteche e i beni di cui al decreto del Presidente della Repubblica 30 settembre 1963, n. 1409;<\/p>\n<p align=\"JUSTIFY\"><em>8)<\/em> tutela e valorizzazione della natura e dell\u2019ambiente, con esclusione dell\u2019attivita\u2019, esercitata abitualmente, di raccolta e riciclaggio dei rifiuti urbani, speciali e pericolosi di cui all\u2019articolo 7 del decreto legislativo 5 febbraio 1997, n. 22;<\/p>\n<p align=\"JUSTIFY\"><em>9)<\/em> promozione della cultura e dell\u2019arte;<\/p>\n<p align=\"JUSTIFY\"><em>10)<\/em> tutela dei diritti civili;<\/p>\n<p align=\"JUSTIFY\"><em>11)<\/em> ricerca scientifica di particolare interesse sociale svolta direttamente da fondazioni ovvero da esse affidata ad universit\u00e0, enti di ricerca ed altre fondazioni che la svolgono direttamente, in ambiti e secondo modalit\u00e0 da definire con apposito regolamento governativo emanato ai sensi dell\u2019articolo 17 della legge 23 agosto 1988, n. 400.<\/p>\n<p align=\"JUSTIFY\">Le attivit\u00e0 istituzionali devono inoltre perseguire <strong>finalit\u00e0 di solidariet\u00e0 sociale<\/strong>. In base a tale principio, le attivit\u00e0 istituzionali vengono distinte in due categorie:<\/p>\n<p align=\"CENTER\"><em>ATTIVIT\u00c0 \u201c A SOLIDARIET\u00c0 CONDIZIONATA\u201d (art. 10, commi 2 e 3)<\/em><\/p>\n<p align=\"JUSTIFY\">Sono attivit\u00e0 considerate solidaristiche solo se rivolte a<span lang=\"it-IT\">:<\/span><\/p>\n<ul>\n<li>\n<p align=\"JUSTIFY\"><strong>persone svantaggiate<\/strong> (soci e non soci) in ragione di condizioni fisiche, psichiche, economiche, sociali o familiari <span lang=\"it-IT\">(disabili fisici e psichici affetti da malattie comportanti menomazioni non temporanee, tossicodipendenti, alcolisti, indigenti, anziani non autosufficienti in condizioni di disagio economico, minori abbandonati, orfani o in situazioni di disadattamento o devianza, profughi, immigrati non abbienti)<\/span>,<\/p>\n<\/li>\n<li>\n<p align=\"JUSTIFY\"><strong>componenti collettivit\u00e0 estere<\/strong>, limitatamente agli aiuti umanitari.<\/p>\n<\/li>\n<\/ul>\n<p lang=\"it-IT\" align=\"JUSTIFY\">Sono le attivit\u00e0 esercitate in uno dei seguenti settori (i numeri corrispondono all\u2019elenco di cui sopra):<\/p>\n<p lang=\"it-IT\" align=\"JUSTIFY\"><em>2)<\/em> assistenza sanitaria<\/p>\n<p lang=\"it-IT\" align=\"JUSTIFY\"><em>4)<\/em> istruzione<\/p>\n<p lang=\"it-IT\" align=\"JUSTIFY\"><em>5)<\/em> formazione<\/p>\n<p lang=\"it-IT\" align=\"JUSTIFY\"><em>6)<\/em> sport dilettantistico<\/p>\n<p lang=\"it-IT\" align=\"JUSTIFY\"><em>9)<\/em> promozione della cultura e dell\u2019arte (N.B.: se NON ha ricevuto contributi statali)<\/p>\n<p lang=\"it-IT\" align=\"JUSTIFY\"><em>10)<\/em> tutela dei diritti civili.<\/p>\n<p align=\"CENTER\"><em>ATTIVIT\u00c0 \u201cA SOLIDARIET\u00c0 PRESUNTA\u201d <span lang=\"it-IT\">(art. 10, comma 4)<\/span><\/em><\/p>\n<p align=\"JUSTIFY\"><span lang=\"it-IT\">Sono attivit\u00e0 per le quali le finalit\u00e0 di solidariet\u00e0 sociale <\/span>si intendono perseguite <strong>a prescindere dalla verifica delle condizioni di svantaggio<\/strong> dei destinatari dell\u2019attivit\u00e0;<span lang=\"it-IT\"> pertanto possono essere svolte nei confronti di <\/span><strong><span lang=\"it-IT\">qualunque soggetto<\/span><\/strong><span lang=\"it-IT\">.<\/span><\/p>\n<p lang=\"it-IT\" align=\"JUSTIFY\">Sono le attivit\u00e0 esercitate in uno dei seguenti settori (i numeri corrispondono all\u2019elenco di cui sopra):<\/p>\n<p lang=\"it-IT\" align=\"JUSTIFY\"><em>1)<\/em> assistenza sociale e socio-sanitaria<\/p>\n<p lang=\"it-IT\" align=\"JUSTIFY\"><em>3)<\/em> beneficenza<\/p>\n<p lang=\"it-IT\" align=\"JUSTIFY\"><em>7)<\/em> tutela, promozione e valorizzazione delle cose d\u2019interesse artistico e storico, incluse biblioteche e archivi di Stato<\/p>\n<p lang=\"it-IT\" align=\"JUSTIFY\"><em>8)<\/em> tutela e valorizzazione della natura e dell\u2019ambiente<\/p>\n<p align=\"JUSTIFY\"><span lang=\"it-IT\"><em>9)<\/em> promozione della cultura e dell\u2019arte (N.B.: <\/span><span lang=\"it-IT\">solo se ha ricevuto contributi statali)<\/span><\/p>\n<p lang=\"it-IT\" align=\"JUSTIFY\"><em>11)<\/em> ricerca scientifica.<\/p>\n<p align=\"JUSTIFY\">Per alcuni settori (come l\u2019assistenza sociale, socio-sanitaria e la beneficenza) il fine solidaristico \u00e8 considerato insito nelle attivit\u00e0 stesse, considerata la condizione di svantaggio dei destinatari; per altri settori (quali la tutela e valorizzazione del patrimonio storico ed artistico o della natura e dell\u2019ambiente e la ricerca scientifica) il fine solidaristico si intende perseguito indirettamente a beneficio non di singole persone ma della collettivit\u00e0 diffusa.<\/p>\n<\/div>\n<div id=\"Sezione6\" dir=\"LTR\">\n<p align=\"JUSTIFY\">Lo svolgimento delle attivit\u00e0 istituzionali, nel perseguimento di finalit\u00e0 di solidariet\u00e0 sociale, non costituisce esercizio di attivit\u00e0 commerciale ai fini delle imposte sui redditi (art.12) e quindi <strong>i relativi proventi non concorrono alla formazione del reddito imponibile e sono irrilevanti ai fini IRES.<\/strong><\/p>\n<p align=\"JUSTIFY\">Si considerano realizzate nell&#8217;ambito delle attivit\u00e0 istituzionali e rimangono fuori da ogni forma di tassazione:<\/p>\n<ul>\n<li>\n<p align=\"JUSTIFY\">le quote associative;<\/p>\n<\/li>\n<li>\n<p align=\"JUSTIFY\">le erogazioni liberali;<\/p>\n<\/li>\n<li>\n<p align=\"JUSTIFY\">i fondi derivanti da raccolte pubbliche occasionali;<\/p>\n<\/li>\n<li>\n<p align=\"JUSTIFY\">i contributi delle Amministrazioni pubbliche per lo svolgimento di attivit\u00e0 in regime di convenzione.<\/p>\n<\/li>\n<\/ul>\n<h4 style=\"text-align: center;\" align=\"JUSTIFY\"><\/h4>\n<h2 style=\"text-align: center;\" align=\"JUSTIFY\"><span style=\"font-size: 12pt; color: #333333;\"><strong>ATTIVIT\u00c0 DIRETTAMENTE CONNESSE<\/strong><\/span><\/h2>\n<\/div>\n<p align=\"JUSTIFY\"><span lang=\"it-IT\">La legge consente alle ONLUS di esercitare,\u00a0 oltre alle attivit\u00e0 istituzionali, anche le cosiddette attivit\u00e0 <\/span><span lang=\"it-IT\">\u201cdirettamente connesse\u201d: si tratta di attivit\u00e0 da svolgersi nell&#8217;ambito delle attivit\u00e0 istituzionali allo scopo di<\/span><span lang=\"it-IT\"> reperire fondi per finanziare l&#8217;Associazione (art. 10, comma 1, lett. C). <strong>Non \u00e8\u00a0 ammesso lo svolgimento di attivit\u00e0 diverse da quelle istituzionali e direttamente connesse.<\/strong><\/span><\/p>\n<p align=\"JUSTIFY\"><span lang=\"it-IT\">Le attivit\u00e0 \u201cdirettamente connesse\u201d sono di<\/span><span lang=\"it-IT\"> 2 <\/span><span lang=\"it-IT\">tipi (art. 10, comma 5):<\/span><\/p>\n<p align=\"JUSTIFY\"><em>a)<\/em> <strong>attivit\u00e0 a solidariet\u00e0 condizionata<\/strong> (cio\u00e8 limitatamente ai settori di assistenza sanitaria, istruzione, formazione, sport dilettantistico, promozione della cultura e dell\u2019arte, tutela dei diritti civili) esercitate nei confronti di <strong>soggetti <span style=\"text-decoration: underline;\">non<\/span> svantaggiati<\/strong>;<\/p>\n<p align=\"JUSTIFY\"><em><span lang=\"it-IT\">b) <\/span><\/em><strong><span lang=\"it-IT\">attivit\u00e0 accessorie\u00a0<\/span><\/strong><span lang=\"it-IT\"><span lang=\"it-IT\">(per ciascuno degli 11 settori elencati nel decreto)<\/span> a quelle istituzionali<\/span><span lang=\"it-IT\">, in quanto integrative delle stesse: si tratta di attivit\u00e0 da svolgere all&#8217;interno dell&#8217;organizzazione per il perseguimento delle proprie finalit\u00e0 solidaristiche (es: vendita di oggetti di modico valore).<\/span><\/p>\n<p lang=\"it-IT\" align=\"JUSTIFY\">Le attivit\u00e0 direttamente connesse:<\/p>\n<p align=\"JUSTIFY\">\u2022 <strong><span lang=\"it-IT\">non devono essere <\/span><span lang=\"it-IT\">prevalenti <\/span><\/strong><span lang=\"it-IT\">rispetto alle attivit\u00e0 \u201cistituzionali\u201d;<\/span><\/p>\n<p align=\"JUSTIFY\">\u2022 <span lang=\"it-IT\">i loro <\/span><span lang=\"it-IT\">proventi <\/span><strong><span lang=\"it-IT\">non devono superare il <\/span><\/strong><span lang=\"it-IT\"><strong>66% delle spese<\/strong> <strong>complessive<\/strong> <\/span><span lang=\"it-IT\">dell\u2019Associazione.<\/span><\/p>\n<p lang=\"it-IT\" align=\"JUSTIFY\">Questi limiti vanno verificati per ogni esercizio sociale e rispettati entrambi.<\/p>\n<p align=\"JUSTIFY\"><span lang=\"it-IT\">I proventi derivanti dall&#8217;esercizio delle <span lang=\"it-IT\">attivit\u00e0 direttamente connesse<\/span>\u00a0 <strong>non concorrono alla formazione del reddito imponibile ai fini IRES<\/strong><\/span><span lang=\"it-IT\"> (art. 12).<\/span><\/p>\n<h4 style=\"text-align: center;\" align=\"JUSTIFY\"><\/h4>\n<h2 style=\"text-align: center;\" align=\"JUSTIFY\"><span style=\"font-size: 12pt; color: #333333;\"><strong>ATTIVIT\u00c0 ESENTI DA IVA<\/strong><\/span><\/h2>\n<p align=\"JUSTIFY\">Nello svolgimento delle attivit\u00e0 istituzionali o di quelle direttamente connesse, le ONLUS possono effettuare cessioni di beni o prestazioni di servizi dietro corrispettivi, assoggettando ad IVA (indipendentemente dalla \u201cdecommercializzazione\u201d stabilita ai fini IRES) solo le attivit\u00e0 qualificabili come &#8220;commerciali&#8221; alla luce dei criteri fiscali e civili che definiscono le attivit\u00e0 d&#8217;impresa. Supponiamo ad esempio che una ONLUS gestisca una casa di riposo con rette dei privati e contributi pubblici: in questo caso l\u2019attivit\u00e0 istituzionale della ONLUS (attivit\u00e0 socio-assistenziale) gode dell&#8217;esenzione da IRES, ma, avendo carattere commerciale, \u00e8 soggetta ad IVA.<\/p>\n<p align=\"JUSTIFY\">Alcune operazioni sono in ogni caso IVA esenti; sono indicate nell&#8217;articolo 10 del <a href=\"https:\/\/www.teamartist.com\/blog\/istituzione-e-disciplina-delliva\/\" target=\"_blank\" rel=\"nofollow noopener noreferrer\">DPR 633\/72<\/a>:<\/p>\n<p align=\"LEFT\"><em>15)<\/em> le prestazioni di trasporto con autoambulanze;<\/p>\n<p align=\"LEFT\"><em>19)<\/em> le prestazioni di ricovero e cura, compresa la somministrazione di medicinali, presidi sanitari e vitto;<\/p>\n<p align=\"LEFT\"><em>20)<\/em> le prestazioni educative dell&#8217;infanzia e della giovent\u00f9 e quelle didattiche di ogni genere, anche per la formazione, l&#8217;aggiornamento, la riqualificazione e riconversione professionale. Sono quindi IVA esenti le convenzioni stipulate con Enti Pubblici (es: Comuni, Scuole) per lo svolgimento di attivit\u00e0 educative\/didattiche (es: corsi sportivi, musicali, ecc, presso le scuole);<\/p>\n<p align=\"LEFT\"><em>27 ter)<\/em> le prestazioni socio-sanitarie, di assistenza domiciliare o ambulatoriale, in comunit\u00e0 e simili, in favore degli anziani ed inabili adulti, di tossicodipendenti e di malati di AIDS, degli handicappati psicofisici, dei minori anche coinvolti in situazioni di disadattamento e di devianza, di persone migranti, senza fissa dimora, richiedenti asilo, di persone detenute, di donne vittime di tratta a scopo sessuale e lavorativo.<\/p>\n<h4 lang=\"it-IT\" style=\"text-align: center;\" align=\"JUSTIFY\"><\/h4>\n<h2 lang=\"it-IT\" style=\"text-align: center;\" align=\"JUSTIFY\"><span style=\"color: #333333; font-size: 12pt;\">OBBLIGHI CONTABILI<\/span><\/h2>\n<ul>\n<li>\n<p align=\"JUSTIFY\"><span style=\"text-decoration: underline;\"><span lang=\"it-IT\">In relazione all\u2019attivit\u00e0 complessivamente svolta<\/span><\/span><span lang=\"it-IT\"> (<\/span>comprensiva cio\u00e8 sia dell\u2019attivit\u00e0 istituzionale che delle attivit\u00e0 connesse)<span lang=\"it-IT\">, <\/span>\u00e8 previsto l\u2019obbligo redigere<strong> scritture contabili cronologiche e sistematiche <\/strong>atte ad esprimere con compiutezza ed analiticit\u00e0 le operazioni poste in essere in ogni periodo di gestione. Tale obbligo si considera assolto qualora la contabilit\u00e0 consti del libro giornale e del libro degli inventari.<\/p>\n<\/li>\n<\/ul>\n<p style=\"padding-left: 30px;\" align=\"JUSTIFY\">Entro quattro mesi dalla chiusura dell\u2019esercizio annuale \u00e8 necessario redigere un documento riepilogativo (<strong>rendiconto economico-finanziario<\/strong>) che deve rappresentare la situazione patrimoniale, finanziaria ed economica dell\u2019organizzazione, distinguendo i risultati dell\u2019attivit\u00e0 istituzionale da quelli che interessano le attivit\u00e0 direttamente connesse.<\/p>\n<p style=\"padding-left: 30px;\" align=\"JUSTIFY\">Per le ONLUS che nell&#8217;esercizio delle attivit\u00e0 istituzionali e connesse abbiano conseguito in un anno entrate inferiori a \u20ac 51.645,69, la legge concede l\u2019esonero dalla tenuta delle scritture contabili per l&#8217;anno successivo, essendo sufficiente la redazione del rendiconto economico-finanziario. <a href=\"https:\/\/www.teamartist.com\/blog\/2012\/10\/29\/rendiconto-economico-associazioni\/\" target=\"_blank\" rel=\"nofollow noopener noreferrer\">Leggi il nostro post <em>Redazione del Rendiconto Economico annuale di una Associazione.<\/em><\/a><\/p>\n<ul>\n<li>\n<p align=\"JUSTIFY\"><span style=\"text-decoration: underline;\"><span lang=\"it-IT\">In relazione alle attivit\u00e0 direttamente connesse<\/span><\/span><span lang=\"it-IT\">, le ONLUS devono tenere le <\/span><strong><span lang=\"it-IT\">scritture contabili<\/span><\/strong><span lang=\"it-IT\"> stabilite dalle disposizioni previste per l&#8217;esercizio di impresa commerciale (artt. 14-15-16 e 18 del DPR 600\/1973). Se per\u00f2 l&#8217;ammontare annuale di tali ricavi non \u00e8 superiore a <\/span><span lang=\"it-IT\">\u20ac 15.493 <\/span><span lang=\"it-IT\">relativamente alle attivit\u00e0 di prestazioni di servizi, o a <\/span><span lang=\"it-IT\">\u20ac 25.822 negli altri casi, la legge concede l\u2019<\/span><span lang=\"it-IT\">esonero dalla tenuta delle scritture contabili<\/span><span lang=\"it-IT\">, essendo sufficiente la compilazione del Registro IVA minori. <a title=\"Registro IVA Minori per le Associazioni con contabilit\u00e0 398\/1991\" href=\"https:\/\/www.teamartist.com\/blog\/2012\/10\/24\/registro-iva-minori-per-le-associazioni-con-contabilita-3981991\/\" target=\"_blank\" rel=\"nofollow noopener noreferrer\">Leggi il nostro post <em>Registro IVA Minori per le Associazioni con contabilit\u00e0 398\/1991.<\/em><\/a><br \/>\n<\/span><\/p>\n<\/li>\n<\/ul>\n","protected":false},"excerpt":{"rendered":"<p><a class=\"ninja_pages_read_more\"  href=\"https:\/\/www.teamartist.com\/blog\/prontuario\/onlus\/le-attivita-delle-onlus\/\"><\/a><\/p>\n","protected":false},"author":1,"featured_media":14465,"parent":205,"menu_order":0,"comment_status":"closed","ping_status":"open","template":"prontuario.php","format":[],"meta":{"ns_format_proposto":0,"ns_tipologia_proposta":0,"ns_tag_proposti":[],"ns_argomento_proposto":0,"ns_categoria_proposta":0,"ns_check_query_entries":[],"ns_valutazione_query_keywords":[],"ns_pagespeed_results":[],"footnotes":""},"categories":[707],"tags":[],"tipologia":[],"argomento":[],"class_list":["post-6692","page","type-page","status-publish","has-post-thumbnail","hentry","category-commercialista_per_associazioni"],"_links":{"self":[{"href":"https:\/\/www.teamartist.com\/blog\/wp-json\/wp\/v2\/pages\/6692","targetHints":{"allow":["GET"]}}],"collection":[{"href":"https:\/\/www.teamartist.com\/blog\/wp-json\/wp\/v2\/pages"}],"about":[{"href":"https:\/\/www.teamartist.com\/blog\/wp-json\/wp\/v2\/types\/page"}],"author":[{"embeddable":true,"href":"https:\/\/www.teamartist.com\/blog\/wp-json\/wp\/v2\/users\/1"}],"replies":[{"embeddable":true,"href":"https:\/\/www.teamartist.com\/blog\/wp-json\/wp\/v2\/comments?post=6692"}],"version-history":[{"count":0,"href":"https:\/\/www.teamartist.com\/blog\/wp-json\/wp\/v2\/pages\/6692\/revisions"}],"up":[{"embeddable":true,"href":"https:\/\/www.teamartist.com\/blog\/wp-json\/wp\/v2\/pages\/205"}],"wp:featuredmedia":[{"embeddable":true,"href":"https:\/\/www.teamartist.com\/blog\/wp-json\/wp\/v2\/media\/14465"}],"wp:attachment":[{"href":"https:\/\/www.teamartist.com\/blog\/wp-json\/wp\/v2\/media?parent=6692"}],"wp:term":[{"taxonomy":"category","embeddable":true,"href":"https:\/\/www.teamartist.com\/blog\/wp-json\/wp\/v2\/categories?post=6692"},{"taxonomy":"post_tag","embeddable":true,"href":"https:\/\/www.teamartist.com\/blog\/wp-json\/wp\/v2\/tags?post=6692"},{"taxonomy":"tipologia","embeddable":true,"href":"https:\/\/www.teamartist.com\/blog\/wp-json\/wp\/v2\/tipologia?post=6692"},{"taxonomy":"argomento","embeddable":true,"href":"https:\/\/www.teamartist.com\/blog\/wp-json\/wp\/v2\/argomento?post=6692"},{"taxonomy":"format","embeddable":true,"href":"https:\/\/www.teamartist.com\/blog\/wp-json\/wp\/v2\/format?post=6692"}],"curies":[{"name":"wp","href":"https:\/\/api.w.org\/{rel}","templated":true}]}}