{"id":240,"date":"2012-04-10T15:01:29","date_gmt":"2012-04-10T14:01:29","guid":{"rendered":"http:\/\/www.teamartist.com\/blog\/?page_id=240"},"modified":"2019-11-11T10:46:49","modified_gmt":"2019-11-11T09:46:49","slug":"esempio-di-un-atto-costitutivo-di-una-associazione-sportiva-dilettantistica","status":"publish","type":"page","link":"https:\/\/www.teamartist.com\/blog\/prontuario\/esempio-di-un-atto-costitutivo-di-una-associazione-sportiva-dilettantistica\/","title":{"rendered":"Esempio di Atto Costitutivo di una ASD"},"content":{"rendered":"<h2>Esempio di Atto Costitutivo di una ASD<\/h2>\n<p>&nbsp;<\/p>\n<p align=\"LEFT\"><em>La corretta stesura di uno Statuto e di un Atto Costitutivo non possono prescindere da una corretta e consapevole impostazione gestionale coerente con la normativa, e questo non pu\u00f2 essere trasmesso mediante format precostituiti a monte. Lo Statuto \u00e8 solo un piccolo tassello di questo processo. Non pensate quindi di aver risolto il 99% dei vostri problemi perch\u00e9 avete \u201ctrovato\u201d gratis questo Statuto!<\/em><\/p>\n<p align=\"JUSTIFY\"><em>Le bozze di uno Statuto vanno personalizzate e rese coerenti con una impostazione che \u00e8 (sempre di pi\u00f9) complessa. Per far ci\u00f2 \u00e8 SEMPRE consigliabile affidarsi ad un professionista.<\/em><\/p>\n<p align=\"CENTER\"><strong>ATTO COSTITUTIVO DELL&#8217;ASSOCIAZIONE SPORTIVA DILETTANTISTICA<\/strong><\/p>\n<p align=\"CENTER\">&#8220;___________________________________ &#8211; ASD&#8221;<\/p>\n<p>&nbsp;<\/p>\n<p>&nbsp;<\/p>\n<p style=\"text-align: justify;\">In data _______________ , in ___________________ (___) Via ________________________ n\u00b0___ , si sono riuniti i Sigg.ri:<\/p>\n<ul>\n<li>\n<p align=\"JUSTIFY\">______________________________________ , nato\/a a __________________ (___) il ________________ , residente in\u00a0_____________________ (___) Via ________________________ n\u00b0___ ,\u00a0carta d&#8217;identit\u00e0 n\u00b0 ___________________ , codice fiscale ______________________<\/p>\n<\/li>\n<li>\n<p align=\"JUSTIFY\">______________________________________ , nato\/a a __________________ (___) il ________________ , residente in\u00a0_____________________ (___) Via ________________________ n\u00b0___ ,\u00a0carta d&#8217;identit\u00e0 n\u00b0 ___________________ , codice fiscale ______________________<\/p>\n<\/li>\n<li>______________________________________ , nato\/a a __________________ (___) il ________________ , residente in\u00a0_____________________ (___) Via ________________________ n\u00b0___ ,\u00a0carta d&#8217;identit\u00e0 n\u00b0 ___________________ , codice fiscale ______________________<\/li>\n<li>______________________________________ , nato\/a a __________________ (___) il ________________ , residente in\u00a0_____________________ (___) Via ________________________ n\u00b0___ ,\u00a0carta d&#8217;identit\u00e0 n\u00b0 ___________________ , codice fiscale ______________________<\/li>\n<\/ul>\n<p style=\"text-align: justify;\">per costituire una Associazione Sportiva Dilettantistica.<\/p>\n<p style=\"text-align: justify;\">I presenti designano, in qualit\u00e0 di Presidente dell\u2019Assemblea, il Sig.________________________________\u00a0, il quale accetta e nomina \u00a0il Sig.________________________________\u00a0\u00a0quale Segretario ed estensore del presente atto.<\/p>\n<p style=\"text-align: justify;\">Il Presidente dell\u2019Assemblea illustra i motivi che hanno spinto i presenti a farsi promotori della costituzione del sodalizio;\u00a0d\u00e0 quindi lettura dello Statuto (che si riporta in calce al presente atto),\u00a0comprendente pi\u00f9 dettagliatamente l&#8217;oggetto sociale della costituenda Associazione. Lo Statuto,\u00a0dopo ampia\u00a0e proficua discussione, viene posto in votazione ed approvato all\u2019unanimit\u00e0.<\/p>\n<p style=\"text-align: justify;\">L\u2019Assemblea delibera quindi che l&#8217;Associazione venga denominata \u201c______________________________ &#8211; Associazione Sportiva Dilettantistica\u201d (in breve &#8220;______________________________ &#8211; ASD&#8221;), e che la sua sede legale venga posta in ____________________ (___), Via _________________________ n\u00b0___. La proposta viene approvata all\u2019unanimit\u00e0.<\/p>\n<p style=\"text-align: justify;\">Nella sua prima riunione l&#8217;Assemblea nomina il primo Consiglio Direttivo, in carica fino al ________________ ,\u00a0nelle persone di:<\/p>\n<p style=\"text-align: justify;\">Sig. ________________________________ \u00a0Presidente;<\/p>\n<p style=\"text-align: justify;\">Sig. ________________________________ \u00a0Vice-Presidente;<\/p>\n<p style=\"text-align: justify;\">Sig. ________________________________ \u00a0Consigliere;<\/p>\n<p style=\"text-align: justify;\">Sig. ________________________________ \u00a0Consigliere;<\/p>\n<p style=\"text-align: justify;\">Sig. ________________________________ \u00a0Segretario;<\/p>\n<p style=\"text-align: justify;\">Sig. ________________________________ \u00a0Tesoriere.<\/p>\n<p>&nbsp;<\/p>\n<p style=\"text-align: justify;\">Detto Consiglio Direttivo sar\u00e0 modificato o ratificato in successive apposite elezioni.<\/p>\n<p style=\"text-align: justify;\">I soci dichiarano all\u2019unanimit\u00e0 la loro volont\u00e0 di affiliarsi a __________________________\u00a0<em>(Federazione, Disciplina sportiva associata o\/e Ente di promozione sportiva riconosciuti dal CONI)<\/em> ed affidano al Presidente il compito di provvedere agli adempimenti richiesti ivi inclusa l\u2019iscrizione del sodalizio nel Registro CONI.<\/p>\n<p style=\"text-align: justify;\">Non essendovi altro da deliberare il Presidente scioglie l\u2019Assemblea.<\/p>\n<div style=\"text-align: justify;\"><\/div>\n<p style=\"text-align: justify;\">Luogo e data \u00a0______________________________<\/p>\n<p style=\"text-align: justify;\">Letto, approvato e sottoscritto\u00a0(seguono le firme di tutti i soci fondatori)<\/p>\n<p style=\"text-align: justify;\">________________________________<br \/>\n________________________________<br \/>\n________________________________<br \/>\n________________________________<br \/>\n________________________________<\/p>\n","protected":false},"excerpt":{"rendered":"<p><a class=\"ninja_pages_read_more\"  href=\"https:\/\/www.teamartist.com\/blog\/prontuario\/esempio-di-un-atto-costitutivo-di-una-associazione-sportiva-dilettantistica\/\"><\/a><\/p>\n","protected":false},"author":1,"featured_media":14509,"parent":109,"menu_order":7,"comment_status":"closed","ping_status":"closed","template":"prontuario.php","format":[],"meta":{"ns_format_proposto":0,"ns_tipologia_proposta":0,"ns_tag_proposti":[],"ns_argomento_proposto":0,"ns_categoria_proposta":0,"ns_check_query_entries":[],"ns_valutazione_query_keywords":[],"ns_pagespeed_results":[],"footnotes":""},"categories":[781],"tags":[869,871],"tipologia":[],"argomento":[],"class_list":["post-240","page","type-page","status-publish","has-post-thumbnail","hentry","category-revisione-statuto","tag-atto-costitutivo-associazione","tag-costituire_associazione_sportiva_dilettantistica_-_asd"],"_links":{"self":[{"href":"https:\/\/www.teamartist.com\/blog\/wp-json\/wp\/v2\/pages\/240","targetHints":{"allow":["GET"]}}],"collection":[{"href":"https:\/\/www.teamartist.com\/blog\/wp-json\/wp\/v2\/pages"}],"about":[{"href":"https:\/\/www.teamartist.com\/blog\/wp-json\/wp\/v2\/types\/page"}],"author":[{"embeddable":true,"href":"https:\/\/www.teamartist.com\/blog\/wp-json\/wp\/v2\/users\/1"}],"replies":[{"embeddable":true,"href":"https:\/\/www.teamartist.com\/blog\/wp-json\/wp\/v2\/comments?post=240"}],"version-history":[{"count":0,"href":"https:\/\/www.teamartist.com\/blog\/wp-json\/wp\/v2\/pages\/240\/revisions"}],"up":[{"embeddable":true,"href":"https:\/\/www.teamartist.com\/blog\/wp-json\/wp\/v2\/pages\/109"}],"wp:featuredmedia":[{"embeddable":true,"href":"https:\/\/www.teamartist.com\/blog\/wp-json\/wp\/v2\/media\/14509"}],"wp:attachment":[{"href":"https:\/\/www.teamartist.com\/blog\/wp-json\/wp\/v2\/media?parent=240"}],"wp:term":[{"taxonomy":"category","embeddable":true,"href":"https:\/\/www.teamartist.com\/blog\/wp-json\/wp\/v2\/categories?post=240"},{"taxonomy":"post_tag","embeddable":true,"href":"https:\/\/www.teamartist.com\/blog\/wp-json\/wp\/v2\/tags?post=240"},{"taxonomy":"tipologia","embeddable":true,"href":"https:\/\/www.teamartist.com\/blog\/wp-json\/wp\/v2\/tipologia?post=240"},{"taxonomy":"argomento","embeddable":true,"href":"https:\/\/www.teamartist.com\/blog\/wp-json\/wp\/v2\/argomento?post=240"},{"taxonomy":"format","embeddable":true,"href":"https:\/\/www.teamartist.com\/blog\/wp-json\/wp\/v2\/format?post=240"}],"curies":[{"name":"wp","href":"https:\/\/api.w.org\/{rel}","templated":true}]}}