{"id":163,"date":"2012-04-10T11:55:37","date_gmt":"2012-04-10T10:55:37","guid":{"rendered":"http:\/\/www.teamartist.com\/blog\/?page_id=163"},"modified":"2019-11-11T10:46:46","modified_gmt":"2019-11-11T09:46:46","slug":"come-ottenere-le-autorizzazioni-per-la-somministrazione-di-alimenti-e-bevande","status":"publish","type":"page","link":"https:\/\/www.teamartist.com\/blog\/prontuario\/fondare-una-associazione-di-promozione-sociale\/come-ottenere-le-autorizzazioni-per-la-somministrazione-di-alimenti-e-bevande\/","title":{"rendered":"Autorizzazioni per la somministrazione di alimenti e bevande"},"content":{"rendered":"<p align=\"JUSTIFY\">Esiste la possibilit\u00e0 di somministrare alimenti o bevande<strong> a favore dei propri soci, all&#8217;interno dei locali dove vengono svolte le attivit\u00e0 istituzionali<\/strong>. Questa decisione deve per\u00f2 sottostare a delle autorizzazioni, che seguono particolari obblighi a seconda del tipo di Associazione. Dopo l\u2019entrata in vigore del DPR 235\/2001, si distinguono due casi:<\/p>\n<ul style=\"text-align: justify;\">\n<li>\n<p align=\"LEFT\"><em>Associazioni che aderiscono ad enti od organizzazioni nazionali\u00a0 le cui finalit\u00e0 assistenziali sono riconosciute dal Ministero dell&#8217;interno (es: ACLI, ARCI, ecc)<\/em><\/p>\n<\/li>\n<\/ul>\n<p style=\"padding-left: 30px; text-align: justify;\" align=\"LEFT\">Bisogner\u00e0 presentare al Comune in cui ha sede l&#8217;Associazione una <strong>denuncia di inizio attivit\u00e0<\/strong> (art. 19 della legge n. 241 del 07 Agosto 1990); a sua volta il Comune la trasmetter\u00e0 per conoscenza alla competente Azienda Sanitaria Locale (A.S.L.) per il parere necessario all&#8217;eventuale rilascio dell&#8217;autorizzazione di idoneit\u00e0 sanitaria.<\/p>\n<p style=\"padding-left: 30px; text-align: justify;\" align=\"LEFT\">La denuncia di inizio attivit\u00e0 (DIA) ha sostituito la precedente procedura che consisteva nella richiesta di una specifica autorizzazione al Comune. Si potr\u00e0 pertanto iniziare l&#8217;attivit\u00e0 immediatamente senza dover aspettare l&#8217;autorizzazione; l&#8217;Amministarzione ha 60 giorni di tempo per adottare provvedimenti che vietino il proseguimento dell&#8217;attivit\u00e0 e la rimozione di eventuali effetti dannosi.<\/p>\n<p style=\"padding-left: 30px; text-align: justify;\">Nella denuncia il legale rappresentante dovr\u00e0\u00a0 dichiarare:<\/p>\n<p style=\"padding-left: 30px; text-align: justify;\" align=\"JUSTIFY\">&#8211; l&#8217;ente nazionale con finalit\u00e0 assistenziale al quale l&#8217;Associazione \u00e8 affiliata;<\/p>\n<p style=\"padding-left: 30px; text-align: justify;\" align=\"JUSTIFY\">&#8211; il tipo di attivit\u00e0 di somministrazione che si vuole svolgere;<\/p>\n<p style=\"padding-left: 30px; text-align: justify;\" align=\"JUSTIFY\">&#8211; l&#8217;ubicazione del locale e la superficie dei locali adibiti alla somministrazione;<\/p>\n<p style=\"padding-left: 30px; text-align: justify;\" align=\"JUSTIFY\">&#8211; il rispetto delle condizioni previste dall&#8217;art. <a href=\"https:\/\/www.teamartist.com\/blog\/tuir-testo-unico-delle-imposte-sui-redditi\/\" target=\"_blank\" rel=\"nofollow noopener noreferrer\">148 TUIR<\/a>;<\/p>\n<p style=\"padding-left: 30px; text-align: justify;\" align=\"JUSTIFY\">&#8211; che il locale dove avverr\u00e0 la somministrazione \u00e8 conforme alle norme edilizie, igienico-sanitarie e di sicurezza, con relative certificazioni.<\/p>\n<p style=\"padding-left: 30px; text-align: justify;\" align=\"LEFT\">A questa denuncia andr\u00e0 allegata una copia dell&#8217;Atto Costitutivo o dello Statuto e la pianta planimetrica dei locali (o dettagliata descrizione sintetica).<\/p>\n<p style=\"padding-left: 30px; text-align: justify;\">Sotto il profilo fiscale, ai sensi dell&#8217;art. 148 TUIR comma 5, l&#8217;attivit\u00e0 di somministrazione di alimenti e bevande <strong>non \u00e8 ritenuta commerciale<\/strong> a patto che vengano rispettati tutti i seguenti <strong>requisiti<\/strong>:<\/p>\n<p style=\"padding-left: 30px; text-align: justify;\" align=\"LEFT\">1) si tratti di una APS Nazionale o di una Associazione affiliata ad uno degli enti di promozione sociale nazionali riconosciuti dal Ministero degli Interni;<\/p>\n<p style=\"padding-left: 30px; text-align: justify;\">2) l\u2019attivit\u00e0 del bar venga svolta presso la sede dove si svolge anche l\u2019attivit\u00e0 istituzionale;<\/p>\n<p style=\"padding-left: 30px; text-align: justify;\" align=\"LEFT\">3) l\u2019attivit\u00e0 del bar sia strettamente complementare a quella istituzionale;<\/p>\n<p style=\"padding-left: 30px; text-align: justify;\" align=\"LEFT\">4) l\u2019ingresso sia riservato ai soli soci e non al pubblico in genere.<\/p>\n<ul style=\"text-align: justify;\">\n<li>\n<p align=\"JUSTIFY\"><em>Associazioni che non aderiscono ad alcun ente od organizzazione nazionale <em>le cui finalit\u00e0 assistenziali sono riconosciute dal Ministero dell&#8217;interno<\/em><br \/>\n<\/em><\/p>\n<p align=\"JUSTIFY\">Bisogner\u00e0 presentare al Comune in cui ha sede l&#8217;Associazione una <strong>domanda di autorizzazione<\/strong> con allegata una copia dell&#8217;Atto Costitutivo o dello Statuto; a sua volta il Comune la trasmetter\u00e0 per conoscenza alla competente Azienda Sanitaria Locale (A.S.L.) per il parere necessario all&#8217;eventuale rilascio dell&#8217;autorizzazione di idoneit\u00e0 sanitaria. In questa domanda il legale rappresentante dovr\u00e0\u00a0 dichiarare:<\/p>\n<p align=\"JUSTIFY\">&#8211; il tipo di attivit\u00e0 di somministrazione che si vuole svolgere;<\/p>\n<p align=\"JUSTIFY\">&#8211; l&#8217;ubicazione e la superficie del locale adibito alla somministrazione;<\/p>\n<p align=\"JUSTIFY\">&#8211; la natura non-commerciale dell&#8217;Associazione;<\/p>\n<p align=\"JUSTIFY\">&#8211; che il locale dove avverr\u00e0 la somministrazione \u00e8 conforme alle norme edilizie, igienico-sanitarie e di sicurezza, con relative certificazioni.<\/p>\n<p align=\"JUSTIFY\">A questa denuncia andr\u00e0 allegata una copia dell&#8217;Atto Costitutivo o dello Statuto e la pianta planimetrica dei locali (o dettagliata descrizione sintetica).\u00a0Le tempistiche per ottenere l&#8217;autorizzazione vanno fino ad un massimo di 45 giorni; superato questo limite la domanda va intesa come automaticamente accolta.<\/p>\n<\/li>\n<\/ul>\n<p style=\"padding-left: 30px; text-align: justify;\" align=\"JUSTIFY\">Qualora la somministrazione sar\u00e0 gestita direttamente dall&#8217;Associazione non sar\u00e0 necessario che essa venga registrata al REC (Registro Esercenti il Commercio); diversamente, l&#8217;iscrizione sar\u00e0 obbligatoria in caso sia affidata a terzi.<\/p>\n<p style=\"padding-left: 30px; text-align: justify;\" align=\"JUSTIFY\">Sotto il profilo fiscale, l&#8217;attivit\u00e0 di somministrazione di alimenti e bevande, da parte di Associazioni non affiliate ad uno degli Enti di Promozione Sociale Nazionali riconosciuti dal Ministero degli Interni, \u00e8 in ogni caso ritenuta <strong>commerciale<\/strong>, come anche chiarito dalla Circolare del Ministero delle Finanze n. 124 del 12 Maggio 1998 e ribadito dall&#8217;Agenzia delle Entrate: <em>&#8220;l&#8217;espressa previsione di <span style=\"text-decoration: underline;\">non commercialit\u00e0<\/span> (&#8230;) <span style=\"text-decoration: underline;\">nei confronti esclusivamente delle APS<\/span>, conferma\u00a0 <strong>per tutti gli altri enti di tipo associativo<\/strong> l&#8217;orientamento gi\u00e0 espresso in sede amministrativa (Ris. n. 217\/E del 17 luglio 1995), in base al quale \u00e8 stato affermato il <strong>carattere commerciale dell&#8217;attivit\u00e0 di somministrazione di alimenti o bevande nei bar interni ai circoli ricreativi, anche se svolta nei confronti dei propri associati<\/strong>&#8220;.<\/em><\/p>\n","protected":false},"excerpt":{"rendered":"<p><a class=\"ninja_pages_read_more\"  href=\"https:\/\/www.teamartist.com\/blog\/prontuario\/fondare-una-associazione-di-promozione-sociale\/come-ottenere-le-autorizzazioni-per-la-somministrazione-di-alimenti-e-bevande\/\"><\/a><\/p>\n","protected":false},"author":1,"featured_media":14520,"parent":111,"menu_order":6,"comment_status":"closed","ping_status":"open","template":"prontuario.php","format":[],"meta":{"ns_format_proposto":0,"ns_tipologia_proposta":0,"ns_tag_proposti":[],"ns_argomento_proposto":0,"ns_categoria_proposta":0,"ns_check_query_entries":[],"ns_valutazione_query_keywords":[],"ns_pagespeed_results":[],"footnotes":""},"categories":[747],"tags":[],"tipologia":[],"argomento":[],"class_list":["post-163","page","type-page","status-publish","has-post-thumbnail","hentry","category-absolvo"],"_links":{"self":[{"href":"https:\/\/www.teamartist.com\/blog\/wp-json\/wp\/v2\/pages\/163","targetHints":{"allow":["GET"]}}],"collection":[{"href":"https:\/\/www.teamartist.com\/blog\/wp-json\/wp\/v2\/pages"}],"about":[{"href":"https:\/\/www.teamartist.com\/blog\/wp-json\/wp\/v2\/types\/page"}],"author":[{"embeddable":true,"href":"https:\/\/www.teamartist.com\/blog\/wp-json\/wp\/v2\/users\/1"}],"replies":[{"embeddable":true,"href":"https:\/\/www.teamartist.com\/blog\/wp-json\/wp\/v2\/comments?post=163"}],"version-history":[{"count":0,"href":"https:\/\/www.teamartist.com\/blog\/wp-json\/wp\/v2\/pages\/163\/revisions"}],"up":[{"embeddable":true,"href":"https:\/\/www.teamartist.com\/blog\/wp-json\/wp\/v2\/pages\/111"}],"wp:featuredmedia":[{"embeddable":true,"href":"https:\/\/www.teamartist.com\/blog\/wp-json\/wp\/v2\/media\/14520"}],"wp:attachment":[{"href":"https:\/\/www.teamartist.com\/blog\/wp-json\/wp\/v2\/media?parent=163"}],"wp:term":[{"taxonomy":"category","embeddable":true,"href":"https:\/\/www.teamartist.com\/blog\/wp-json\/wp\/v2\/categories?post=163"},{"taxonomy":"post_tag","embeddable":true,"href":"https:\/\/www.teamartist.com\/blog\/wp-json\/wp\/v2\/tags?post=163"},{"taxonomy":"tipologia","embeddable":true,"href":"https:\/\/www.teamartist.com\/blog\/wp-json\/wp\/v2\/tipologia?post=163"},{"taxonomy":"argomento","embeddable":true,"href":"https:\/\/www.teamartist.com\/blog\/wp-json\/wp\/v2\/argomento?post=163"},{"taxonomy":"format","embeddable":true,"href":"https:\/\/www.teamartist.com\/blog\/wp-json\/wp\/v2\/format?post=163"}],"curies":[{"name":"wp","href":"https:\/\/api.w.org\/{rel}","templated":true}]}}