{"id":142,"date":"2012-04-10T10:49:25","date_gmt":"2012-04-10T09:49:25","guid":{"rendered":"http:\/\/www.teamartist.com\/blog\/?page_id=142"},"modified":"2019-11-11T10:46:48","modified_gmt":"2019-11-11T09:46:48","slug":"quali-sono-le-attivita-di-una-associazione-sportiva-dilettantistica","status":"publish","type":"page","link":"https:\/\/www.teamartist.com\/blog\/prontuario\/quali-sono-le-attivita-di-una-associazione-sportiva-dilettantistica\/","title":{"rendered":"Quali sono le attivit\u00e0 di una Associazione Sportiva Dilettantistica"},"content":{"rendered":"<p>Le attivit\u00e0 di un&#8217;Associazione Sportiva Dilettantistica si concentrano principalmente, per l&#8217;appunto, sulle attivit\u00e0 sportive, svolte da amatori, ossia non professionisti, a livello dilettantistico. Tra queste vi includeremo dunque le <strong>competizioni<\/strong>, gli <strong>allenamenti<\/strong>, i <strong>corsi<\/strong> teorici e pratici, la <strong>preparazione atletica<\/strong> e cos\u00ec via dicendo.<\/p>\n<p align=\"JUSTIFY\">A queste attivit\u00e0 si potranno poi affiancare in maniera occasionale eventi come feste, gite, corsi non sportivi, vendita di merchandising eccetera.<\/p>\n","protected":false},"excerpt":{"rendered":"<p><a class=\"ninja_pages_read_more\"  href=\"https:\/\/www.teamartist.com\/blog\/prontuario\/quali-sono-le-attivita-di-una-associazione-sportiva-dilettantistica\/\"><\/a><\/p>\n","protected":false},"author":1,"featured_media":14528,"parent":109,"menu_order":5,"comment_status":"closed","ping_status":"open","template":"prontuario.php","format":[],"meta":{"ns_format_proposto":0,"ns_tipologia_proposta":0,"ns_tag_proposti":[],"ns_argomento_proposto":0,"ns_categoria_proposta":0,"ns_check_query_entries":[],"ns_valutazione_query_keywords":[],"ns_pagespeed_results":[],"footnotes":""},"categories":[916],"tags":[],"tipologia":[],"argomento":[],"class_list":["post-142","page","type-page","status-publish","has-post-thumbnail","hentry","category-pagina_di_servizio"],"_links":{"self":[{"href":"https:\/\/www.teamartist.com\/blog\/wp-json\/wp\/v2\/pages\/142","targetHints":{"allow":["GET"]}}],"collection":[{"href":"https:\/\/www.teamartist.com\/blog\/wp-json\/wp\/v2\/pages"}],"about":[{"href":"https:\/\/www.teamartist.com\/blog\/wp-json\/wp\/v2\/types\/page"}],"author":[{"embeddable":true,"href":"https:\/\/www.teamartist.com\/blog\/wp-json\/wp\/v2\/users\/1"}],"replies":[{"embeddable":true,"href":"https:\/\/www.teamartist.com\/blog\/wp-json\/wp\/v2\/comments?post=142"}],"version-history":[{"count":0,"href":"https:\/\/www.teamartist.com\/blog\/wp-json\/wp\/v2\/pages\/142\/revisions"}],"up":[{"embeddable":true,"href":"https:\/\/www.teamartist.com\/blog\/wp-json\/wp\/v2\/pages\/109"}],"wp:featuredmedia":[{"embeddable":true,"href":"https:\/\/www.teamartist.com\/blog\/wp-json\/wp\/v2\/media\/14528"}],"wp:attachment":[{"href":"https:\/\/www.teamartist.com\/blog\/wp-json\/wp\/v2\/media?parent=142"}],"wp:term":[{"taxonomy":"category","embeddable":true,"href":"https:\/\/www.teamartist.com\/blog\/wp-json\/wp\/v2\/categories?post=142"},{"taxonomy":"post_tag","embeddable":true,"href":"https:\/\/www.teamartist.com\/blog\/wp-json\/wp\/v2\/tags?post=142"},{"taxonomy":"tipologia","embeddable":true,"href":"https:\/\/www.teamartist.com\/blog\/wp-json\/wp\/v2\/tipologia?post=142"},{"taxonomy":"argomento","embeddable":true,"href":"https:\/\/www.teamartist.com\/blog\/wp-json\/wp\/v2\/argomento?post=142"},{"taxonomy":"format","embeddable":true,"href":"https:\/\/www.teamartist.com\/blog\/wp-json\/wp\/v2\/format?post=142"}],"curies":[{"name":"wp","href":"https:\/\/api.w.org\/{rel}","templated":true}]}}